{"id":6,"date":"2007-12-30T17:58:22","date_gmt":"2007-12-30T16:58:22","guid":{"rendered":"http:\/\/www.sonnenwatt.de\/?page_id=6"},"modified":"2012-12-14T15:53:33","modified_gmt":"2012-12-14T14:53:33","slug":"wozu-wird-photovoltaik-gebraucht","status":"publish","type":"page","link":"https:\/\/www.sonnenwatt.de\/index.php\/solarstrom\/wozu-wird-photovoltaik-gebraucht\/","title":{"rendered":"&#8211; Wozu wird Photovoltaik gebraucht?"},"content":{"rendered":"<p>&nbsp;<\/p>\n<h1><strong>Energie wird immer teurer<\/strong><\/h1>\n<p>Die nat\u00fcrlichen Rohstoffe der Erde wie z.B. \u00d6l, Gas und Kohle werden in absehbarer Zeit ersch\u00f6pft sein. Die Sonne hingegen scheint noch 4 Milliarden Jahre lang. Die Energie-Knappheit sp\u00fcrt man z.Zt. als Verbraucher an den st\u00e4ndig steigenden Preisen f\u00fcr Benzin, Diesel, Gas, Heiz\u00f6l und Strom. Die Leidtragenden dieser Entwicklung werden nicht nur wir sondern auch unsere Kinder und Enkel sein.<\/p>\n<p><strong><a href=\"https:\/\/www.sonnenwatt.de\/wp-content\/uploads\/2007\/12\/Die-Entwicklung-des-Strompreises-in-Deutschland-seit-1970.jpg\" target=\"_blank\">Die Entwicklung des Strompreises in Deutschland seit 1970 finden Sie hier<\/a><a href=\"https:\/\/www.sonnenwatt.de\/wp-content\/uploads\/2007\/12\/Strompreisentwicklung.jpg\" target=\"_blank\"><br \/>\n<\/a><\/strong><\/p>\n<p>Nachfolgende Grafik spiegelt die prognostizierte Reichweite der fossilen Energietr\u00e4ger wieder. Die Sch\u00e4tzungen \u00fcber die Reichweite gehen in Fachkreisen mitunter um ein paar Jahre oder Jahrzehnte auseinander. Eins ist dennoch sicher: fossile Rohstoffe wird es in naher Zukunft nicht mehr geben. Abbau und Verbrauch laufen bedeutend schneller ab als deren nat\u00fcrliche Nachbildung.<\/p>\n<p><a href=\"https:\/\/www.sonnenwatt.de\/wp-content\/uploads\/2007\/12\/Wie-lange-reicht-Energie-noch1.jpg\"><\/a><a href=\"https:\/\/www.sonnenwatt.de\/wp-content\/uploads\/2007\/12\/Wie-lange-reicht-Energie-noch1.jpg\"><img loading=\"lazy\" decoding=\"async\" class=\"size-full wp-image-368 alignnone\" title=\"Wie lange reicht Energie noch\" src=\"https:\/\/www.sonnenwatt.de\/wp-content\/uploads\/2007\/12\/Wie-lange-reicht-Energie-noch1.jpg\" alt=\"\" width=\"727\" height=\"459\" \/><\/a><\/p>\n<p>&nbsp;<\/p>\n<p>Die Energiewende und somit der Umstieg auf erneuerbare, nachwachsende Energietr\u00e4ger und Rohstoffe ist somit eine der gr\u00f6\u00dften Herausforderungen der Menschheit in diesem Jahrhundert. Die Quellen hierzu werden Wasser, Wind, Sonne, Biomasse, Erdw\u00e4rme und diverse andere \u2013 m\u00f6glicherweise heute noch unerforschte \u2013 sein.<\/p>\n<p>Folgendes Bild verdeutlicht den Energiegehalt der Sonne im Vergleich zu den bisher genutzten Energietr\u00e4gern. Man erkennt, dass die Sonne einen entscheidenden Beitrag zur zuk\u00fcnftigen sicheren und sauberen Energieversorgung leisten kann und muss.<\/p>\n<p>&nbsp;<\/p>\n<p><img decoding=\"async\" src=\"https:\/\/www.sonnenwatt.de\/wp-content\/uploads\/2007\/12\/energie-wurfel.JPG\" alt=\"Energiew\u00fcrfel\" \/><\/p>\n<p>&nbsp;<\/p>\n<p><a title=\"- Wie wird Photovoltaik unterst\u00fctzt?\" href=\"https:\/\/www.sonnenwatt.de\/index.php\/solarstrom\/wie-wird-photovoltaik-unterstutzt\/\">Hier geht&#8217;s weiter mit dem Thema <strong>Wie wird Photovoltaik unterst\u00fctzt?<\/strong><\/a><\/p>\n","protected":false},"excerpt":{"rendered":"<p>&nbsp; Energie wird immer teurer Die nat\u00fcrlichen Rohstoffe der Erde wie z.B. \u00d6l, Gas und Kohle werden in absehbarer Zeit ersch\u00f6pft sein. Die Sonne hingegen scheint noch 4 Milliarden Jahre lang. Die Energie-Knappheit sp\u00fcrt man z.Zt. als Verbraucher an den st\u00e4ndig steigenden Preisen f\u00fcr Benzin, Diesel, Gas, Heiz\u00f6l und Strom. Die Leidtragenden dieser Entwicklung werden [&hellip;]<\/p>\n","protected":false},"author":1,"featured_media":0,"parent":3,"menu_order":3,"comment_status":"open","ping_status":"open","template":"","meta":{"footnotes":""},"class_list":["post-6","page","type-page","status-publish","hentry"],"_links":{"self":[{"href":"https:\/\/www.sonnenwatt.de\/index.php\/wp-json\/wp\/v2\/pages\/6","targetHints":{"allow":["GET"]}}],"collection":[{"href":"https:\/\/www.sonnenwatt.de\/index.php\/wp-json\/wp\/v2\/pages"}],"about":[{"href":"https:\/\/www.sonnenwatt.de\/index.php\/wp-json\/wp\/v2\/types\/page"}],"author":[{"embeddable":true,"href":"https:\/\/www.sonnenwatt.de\/index.php\/wp-json\/wp\/v2\/users\/1"}],"replies":[{"embeddable":true,"href":"https:\/\/www.sonnenwatt.de\/index.php\/wp-json\/wp\/v2\/comments?post=6"}],"version-history":[{"count":20,"href":"https:\/\/www.sonnenwatt.de\/index.php\/wp-json\/wp\/v2\/pages\/6\/revisions"}],"predecessor-version":[{"id":380,"href":"https:\/\/www.sonnenwatt.de\/index.php\/wp-json\/wp\/v2\/pages\/6\/revisions\/380"}],"up":[{"embeddable":true,"href":"https:\/\/www.sonnenwatt.de\/index.php\/wp-json\/wp\/v2\/pages\/3"}],"wp:attachment":[{"href":"https:\/\/www.sonnenwatt.de\/index.php\/wp-json\/wp\/v2\/media?parent=6"}],"curies":[{"name":"wp","href":"https:\/\/api.w.org\/{rel}","templated":true}]}}