{"id":60,"date":"2008-02-20T22:53:05","date_gmt":"2008-02-20T21:53:05","guid":{"rendered":"http:\/\/www.sonnenwatt.de\/index.php\/solarlampe\/"},"modified":"2022-12-06T09:56:49","modified_gmt":"2022-12-06T08:56:49","slug":"preisliste-2","status":"publish","type":"page","link":"https:\/\/www.sonnenwatt.de\/index.php\/preisliste-2\/","title":{"rendered":"Preisliste"},"content":{"rendered":"<h3 style=\"text-align: center;\"><strong>Herzlich willkommen in unserem Solar-Shop<\/strong><\/h3>\n<h1 style=\"text-align: center;\"><a href=\"https:\/\/www.sonnenwatt.de\/wp-content\/uploads\/2022\/12\/Preisliste-price-list-Module-Wechselrichter-Speicher-panels-inverters-storage-system-06-12-2022-.pdf\" target=\"_blank\" rel=\"noopener noreferrer\"><strong>AKTUELLE Preisliste INKL. VERF\u00dcGBARKEIT Module, Speicher, Wechselrichter als PDF.<\/strong><\/a><\/h1>\n<p style=\"text-align: center;\">\u00a0<strong>* Q CELLS * SMA * FRONIUS * KOSTAL * KACO * BYD *<\/strong><\/p>\n<p style=\"text-align: center;\"><a href=\"https:\/\/www.sonnenwatt.de\/wp-content\/uploads\/2022\/11\/Preisliste-price-list-Ersatzmodule-replacement-panels-21-11-2022.pdf\" target=\"_blank\" rel=\"noopener noreferrer\"><strong><strong>&#8211;&gt; LISTE MIT SONDERANGEBOTEN F\u00dcR GROSSABNEHMER INKLUSIVE ERSATZMODULE \/\/ &#8211;&gt; LIST WITH SPECIAL OFFERS FOR LARGE CUSTOMERS INCLUDING REPLACEMENT MODULES<\/strong><\/strong><\/a><\/p>\n<p style=\"text-align: center;\"><strong>Direktkontakt: shop@sonnenwatt.de<\/strong><\/p>\n<p style=\"text-align: center;\">ENGLISH VERSION AT THE END OF THIS PAGE<\/p>\n<p><strong><em>Die angegebene Lieferung frei Haus gilt nur innerhalb Deutschlands. Europaweite Versandkosten siehe PDF-Preisliste weiter oben.<\/em><\/strong><\/p>\n<p><strong><em>Die Kaufabwicklung ist Bestellung per E-Mail an shop@sonnenwatt.de mit Rechnungs- und ggfs. abweichender Lieferadresse. Darauf folgt von uns eine Rechnung &#8211; wiederum per Mail &#8211; mit 100% Vorkasse binnen 14 Tagen per \u00dcberweisung. Der Versand ist deutschlandweit kostenlos und findet binnen 1-3 Werktagen nach Zahlungseingang statt.<br \/><\/em><\/strong><\/p>\n<p><strong><em>Auf Wunsch bieten wir auch eine abgesicherte Zahlungsmethode mit K\u00e4uferschutz \u00fcber PayPal an, allerdings m\u00fcssen wir hier 3% Aufpreis f\u00fcr die dortigen Geb\u00fchren berechnen. Bitte teilen Sie uns hierzu Ihre g\u00fcltige PayPal-E-Mail-Adresse mit.<br \/><\/em><\/strong><\/p>\n<p>\u00a0<\/p>\n<p><em><strong>Detailed instructions for order and delivery process<\/strong><\/em><\/p>\n<p>We do speak English and are experienced in intra-Community supply (=invoice without VAT within the EU) and shipping.<\/p>\n<div dir=\"ltr\">\n<div>\n<div style=\"font-size: small; text-decoration: none; font-family: 'Calibri'; font-weight: normal; color: #000000; font-style: normal; display: inline;\">\n<div dir=\"ltr\">\n<div>\n<div style=\"font-size: small; text-decoration: none; font-family: 'Calibri'; font-weight: normal; color: #000000; font-style: normal; display: inline;\">\n<div dir=\"ltr\">\n<div style=\"font-size: 12pt; font-family: 'Calibri'; color: #000000;\">\n<div><strong><em>Order transaction<\/em><\/strong> \u2013 only possible via E-Mail \u2013 would look like the following:<\/div>\n<div>\u00a0<\/div>\n<div>&#8211; <strong><em>your billing address<\/em><\/strong><\/div>\n<div>&#8211; (<em>your delivery address<\/em> &#8211; if different)<\/div>\n<div><span style=\"font-family: Calibri;\">&#8211; <em><strong>your VAT-number<\/strong><\/em> for intra-Community supply<br \/>* <em><strong>Absolutely necessary<\/strong><\/em>. Actually no trade between us (commercial) and you possible if you are a private person without a VAT-number. EU changed tax law on July 1st 2021 that makes commercial-private-business much more complicated within Europe. Big companies should solve that issue, but for us as a little company it&#8217;s too much effort for only 50 international customers every year. *<\/span><\/div>\n<div>\u00a0<\/div>\n<div>Afterwards we confirm your order with an invoice \u2013 also per E-Mail. Please note that we only accept 100% prepayment, which has to be paid within 2 weeks. Our standard method of payment is bank transfer. If you wish, we can also offer PayPal, but with additional costs of 3%.<\/div>\n<div>\u00a0<\/div>\n<div>[Only PayPal: in this case please also tell us your confirmed PayPal-E-Mail-address. You do not have to transfer anything, we will request the correct amount from you. This method makes it easier and faster to verify the payment.]<\/div>\n<div>\u00a0<\/div>\n<div><span style=\"font-family: Calibri;\">The product will be sent within 1-3 days, after we received your payment within the given delivery time (if it&#8217;s not immediately available). In case the package weighs up to 40 kg, you will automatically get a tracking code from GLS (General Logistics Systems), or their local partner in your home country. Heavier products will be sent by truck. Unfortunately there is no tracking available for that at the moment.<\/span><\/div>\n<\/div>\n<\/div>\n<\/div>\n<\/div>\n<\/div>\n<\/div>\n<\/div>\n<\/div>\n\n\n<p><\/p>\n","protected":false},"excerpt":{"rendered":"<p>Herzlich willkommen in unserem Solar-Shop AKTUELLE Preisliste INKL. VERF\u00dcGBARKEIT Module, Speicher, Wechselrichter als PDF. \u00a0* Q CELLS * SMA * FRONIUS * KOSTAL * KACO * BYD * &#8211;&gt; LISTE MIT SONDERANGEBOTEN F\u00dcR GROSSABNEHMER INKLUSIVE ERSATZMODULE \/\/ &#8211;&gt; LIST WITH SPECIAL OFFERS FOR LARGE CUSTOMERS INCLUDING REPLACEMENT MODULES Direktkontakt: shop@sonnenwatt.de ENGLISH VERSION AT THE END [&hellip;]<\/p>\n","protected":false},"author":2,"featured_media":0,"parent":0,"menu_order":4,"comment_status":"open","ping_status":"open","template":"","meta":{"footnotes":""},"class_list":["post-60","page","type-page","status-publish","hentry"],"_links":{"self":[{"href":"https:\/\/www.sonnenwatt.de\/index.php\/wp-json\/wp\/v2\/pages\/60","targetHints":{"allow":["GET"]}}],"collection":[{"href":"https:\/\/www.sonnenwatt.de\/index.php\/wp-json\/wp\/v2\/pages"}],"about":[{"href":"https:\/\/www.sonnenwatt.de\/index.php\/wp-json\/wp\/v2\/types\/page"}],"author":[{"embeddable":true,"href":"https:\/\/www.sonnenwatt.de\/index.php\/wp-json\/wp\/v2\/users\/2"}],"replies":[{"embeddable":true,"href":"https:\/\/www.sonnenwatt.de\/index.php\/wp-json\/wp\/v2\/comments?post=60"}],"version-history":[{"count":542,"href":"https:\/\/www.sonnenwatt.de\/index.php\/wp-json\/wp\/v2\/pages\/60\/revisions"}],"predecessor-version":[{"id":1517,"href":"https:\/\/www.sonnenwatt.de\/index.php\/wp-json\/wp\/v2\/pages\/60\/revisions\/1517"}],"wp:attachment":[{"href":"https:\/\/www.sonnenwatt.de\/index.php\/wp-json\/wp\/v2\/media?parent=60"}],"curies":[{"name":"wp","href":"https:\/\/api.w.org\/{rel}","templated":true}]}}